 -7*c + 1359. Calculate the remainder when c is divided by 64.
23
Suppose -6*a = -5*a - 14. Let c = -15 + a. What is the remainder when (1/c)/((-2)/44) is divided by 8?
6
Suppose -y - 2 = 4. Let b be (-76)/y + (-3)/(-9). Suppose 0 = -3*q - 2*t - 3*t - b, t = -2*q + 3. What is the remainder when 6 is divided by q?
2
Let c = -5 + 3. Let i be 1 - (c + 1) - 0. What is the remainder when (i - -1) + (-35)/(-1) is divided by 10?
8
Let n be 20/30 + (-44)/(-6). Let m = n + -1. Calculate the remainder when 27 is divided by m*(0 - -3 - 2).
6
Suppose 0*r - 3*r - 18 = 0. Suppose 3*f - 61 = 4*c, f + c = -2*c + 3. What is the remainder when r/9 + 716/12 is divided by f?
14
Suppose 0 = 3*r - 11 + 8, k - 3*r - 17 = 0. Calculate the remainder when 438 is divided by k.
18
Let a be 4*(-6)/(-40)*5. Suppose -a*o + q = -4*q - 75, 50 = 2*o + 4*q. Suppose 14*l = 4*l + 140. Calculate the remainder when o is divided by l.
11
Let s(y) = 20 - 8 - 154*y**3 - 5*y**2 + 153*y**3. What is the remainder when 21 is divided by s(-5)?
9
Let b(i) = -i**2 - 21*i - 6. Let v be b(-17). Let y = v - -7. What is the remainder when y is divided by 9?
6
Let j = 881 + -843. What is the remainder when 173 is divided by j?
21
Let v = 850 - 843. Calculate the remainder when 12 is divided by v.
5
Suppose 21 = 5*b + 4*y, 0 = -2*b + y - 2. Let t(j) = j**3 + 8*j**2 + 3*j - 13. What is the remainder when (b - (-83)/7)*7 is divided by t(-3)?
21
Let h be 4*16 + ((-40)/8 - -7). Suppose -2*a + 4*a = h. Calculate the remainder when 94 is divided by a.
28
Let a(y) = -y**2 + 8*y + 9. Let b be a(8). Suppose b*w = 13*w. Suppose 3*n - 135 = -w*n. What is the remainder when n is divided by 12?
9
Suppose -20*f = 8*f + 25*f - 1272. Let r be (-2)/(-5) - 13/(-5). Let l = 6 + r. Calculate the remainder when f is divided by l.
6
What is the remainder when 17 is divided by (141/11 + 10/55)*1?
4
Let o(k) = k + 9. Suppose -421*d + 580*d - 3816 = 0. What is the remainder when d is divided by o(0)?
6
Let z(c) = -43*c - 14. Let q be z(-6). Suppose 0 = 61*r - 59*r - q. Calculate the remainder when r is divided by 41.
40
Suppose 25 = 2*u - 0*u - 3*r, 4*u + r = 43. Let t = u + -5. Suppose 0 = -t*l + 4*l + 26. Calculate the remainder when l is divided by 4.
1
Suppose -787*d + 1780 = -767*d. What is the remainder when d is divided by 51?
38
Suppose 6*m - m = 10. Suppose 0 = -4*f - 0*x - m*x + 12, -5*f + 45 = -5*x. Suppose -15 = 4*d - f*d. Calculate the remainder when 42 is divided by d.
12
Let f(y) = y**2 + 8*y + 13. Let c be (4/(-6))/((-26)/1053). Let n be (-1)/(3 - 78/c). Calculate the remainder when f(n) is divided by 8.
6
Let q(c) = -13*c + 713. What is the remainder when 248 is divided by q(51)?
48
Suppose 0 = -7*n + 199 - 52. Suppose 1482 = n*u - 2*u. Suppose 80 = 8*z - 4*z. Calculate the remainder when u is divided by z.
18
Suppose 0*x = -x - d + 6, 3*x = 2*d + 33. What is the remainder when ((-1)/(-2))/((-6)/(-288)) is divided by x?
6
Suppose -8*u + 181 = -283. Calculate the remainder when u is divided by 35.
23
Suppose -165 = -5*u + c, -2*u - 3*c = 2*u - 132. What is the remainder when u is divided by 18?
15
Suppose 4*f - 77 = 203. What is the remainder when f is divided by 6/5*-1*-30?
34
Suppose 0 = -70*h + 56*h + 742. Calculate the remainder when h is divided by 27.
26
What is the remainder when 1/3 + (7 - 78/(-9)) is divided by 3?
1
Suppose 2*f - 46 = 100. Suppose 5*i - f = -2*l, -3*i - 29 - 91 = -3*l. Suppose -2*q + 19 = -21. Calculate the remainder when l is divided by q.
19
Suppose -2*h - 2*k = 6 - 0, -3*h - k - 7 = 0. Let s be 53*h*1/2. Let i = 74 + s. What is the remainder when i is divided by 6?
3
Calculate the remainder when 745 is divided by (-2)/(-6)*(-7 + -15)*-6.
41
What is the remainder when (5/(-3))/(2/(-6)) is divided by 3/(-2)*((-4104)/(-81))/(-38)?
1
Suppose -3*c + 153 = 5*n, -n = 3*c + 5 - 26. What is the remainder when n is divided by 10?
3
Let p(d) = d - 4. Let j be p(2). What is the remainder when (232/(-16))/(j/4) is divided by -6*(5 + (-95)/15)?
5
Let g(x) = -3*x**3 - 14*x**2 - 8*x + 5. Calculate the remainder when g(-5) is divided by 9.
7
Let p(v) = -v**2 + v - 1. Let u(t) = 3*t**2 + 7*t + 23. Let n(i) = 2*p(i) + u(i). Calculate the remainder when 9 is divided by n(-6).
0
Suppose 0*g = -4*g - 40. Let q(i) = -i - 20. Let c be q(g). Let k = c + 22. Calculate the remainder when k is divided by 5.
2
Suppose -2*d = -7*d + 15, -5*t + 968 = d. What is the remainder when t is divided by 40?
33
Suppose -53*f - 4*a = -51*f - 508, 0 = 2*f + 3*a - 507. Calculate the remainder when f is divided by 23.
22
Let x be 21/((-2)/24*-9). Let o = x - 12. What is the remainder when 30 is divided by o?
14
Let v = -102 + 195. Let q = -10 + 3. Let u(k) = k**3 + 7*k**2 - 4*k + 4. What is the remainder when v is divided by u(q)?
29
Let u be -2 + (5 - 4) - -6. Suppose -4*c - 1330 = 5*w - 0*c, -u = c. Let i = 415 + w. What is the remainder when i is divided by 39?
36
Suppose -5*l = -0*f + 5*f - 20, 0 = -4*l - 3*f + 11. What is the remainder when 8*(13 + l) + 3 is divided by 17?
14
Suppose -2910 = -13*b - 258. What is the remainder when b is divided by 55?
39
Let k(o) = o**2 + 5*o - 2. Let p(y) = -y**3 + 16*y**2 - 13*y + 11. Calculate the remainder when p(15) is divided by k(-8).
19
Let p = -16 + 15. Let f be (-2)/(2/p)*5. Suppose f*b - 3 = -4*m + 133, b - 26 = -2*m. Calculate the remainder when b is divided by 15.
13
Let t be 28/((5/(-2))/(-5)). Suppose 0 = -c + 5*c - t. Suppose -21 = -a - 3*z, -819*z - 79 = -3*a - 820*z. What is the remainder when a is divided by c?
13
What is the remainder when 17 is divided by (102/255)/((-1)/(-10) - 0)?
1
Suppose 4*i + 8 - 20 = 0. Let x(d) = 4*d + 5*d**3 - 4*d**3 - 2*d**2 + 0 - 4. What is the remainder when x(i) is divided by 4?
1
Suppose -l + 43 = o + 2*o, -4*o + 270 = 5*l. What is the remainder when 229 is divided by l?
55
Let d(k) be the second derivative of k**5/20 - k**4/6 - k**3/2 + 3*k**2 - 2*k. Let u be d(4). Let z = -3 + u. Calculate the remainder when z is divided by 7.
2
Let k(h) = h**3 - 5*h**2 - 8*h + 34. Calculate the remainder when 247 is divided by k(0).
9
Let y = 2 + -1. Let m = 0 + y. Let t = -134 - -135. What is the remainder when m is divided by t?
0
Let b = 53 + 1. Suppose d + d - 70 = -y, -2*d - b = -y. Calculate the remainder when y is divided by (-7)/(-1 + (-2)/(-3)).
20
Let o be (0 - 4) + 0 - -94. Suppose -6*h = -0*h + o. Let a(z) = -z**3 - 14*z**2 + 13*z - 19. Calculate the remainder when a(h) is divided by 6.
5
Let d be (-2)/9 + (-2)/(-9). Suppose d = -4*j - j - s + 91, 2*j + 3*s - 39 = 0. Calculate the remainder when 88 is divided by j.
16
Suppose 0 = m - 284 + 235. Calculate the remainder when 207 is divided by m.
11
Let l = 5 - -10. Let j(k) = -11*k - 3. Let y(b) = 33*b + 9. Let d(o) = -7*j(o) - 2*y(o). What is the remainder when d(5) is divided by l?
13
Let o = 59 - 8. Suppose 6*t - o = 3*t. What is the remainder when t is divided by 6?
5
Suppose 4*v + 2*v - 18 = 0. Suppose 2*i + 17 = 5*a - 24, v*a - 31 = -2*i. What is the remainder when 19 is divided by a?
1
Suppose 3*h = -0*h. Suppose -5*k + 10 + 10 = h. Let t(n) = n**3 - n**2 - 2. Calculate the remainder when k is divided by t(2).
0
Suppose y + 3*g - 24 = 0, 6*y = 2*y - 3*g + 60. Suppose 6*s = 7*s - 17. Suppose -11 = -5*o + 9, -q + o + s = 0. What is the remainder when q is divided by y?
9
Let d = 609 - 593. Let v = 113 + -54. Calculate the remainder when v is divided by d.
11
Suppose 3*t - 89 = 58. What is the remainder when t is divided by 32?
17
Let c(a) = 2*a**3 - 7*a**2 + 5*a + 1. Let w be c(3). Suppose -3*d + w*d = 324. Calculate the remainder when d is divided by 12.
9
Suppose 4*u = -4, -2*u + 52 = -0*z + 2*z. Calculate the remainder when 143 is divided by z.
8
Suppose 0 = -z + 3*p + 15, 3*z - 9 = 5*p + 16. Suppose z = -3*a + 5*a - 26. What is the remainder when 24 is divided by a?
11
Let m = -16 - -49. Let h be -1*(8 + 3 + -5). Calculate the remainder when m is divided by (14 + -12)*h/(-1).
9
Suppose 5*p - 4066 + 1221 = 0. What is the remainder when p is divided by 13?
10
Let r be (-32)/20*(-15)/6. Suppose 4*y + 26 = 2*x, -y = -r*x - 0*x + 24. What is the remainder when ((-60)/(-8))/((-2)/y) is divided by 4?
3
Let m(k) = -59*k + 1. Let o be m(-1). Suppose 4*t = -0*j - 4*j + 48, 4*j - 2*t